2*x**2. Determine z(3).
-17
Let s(x) = 7*x + 4. Let d be s(-1). Let v(m) be the second derivative of m**5/20 + m**4/6 + m**3/2 + 2*m**2 - 4*m. Determine v(d).
-14
Let j(z) = z**3 + 13*z + 8. Let h(n) = n**3 - n**2 + 11*n + 7. Let i(w) = 7*h(w) - 6*j(w). Let s be (-5)/((-5)/6) + 1. Give i(s).
-6
Let s = -169 + 171. Let h(t) = -2*t - 1. Give h(s).
-5
Let d(y) = y**3 - 3660*y + 3660*y + 3*y**2. Let k = 7 + -12. Let h = 3 + k. Calculate d(h).
4
Let i(s) be the second derivative of s**3/6 - 3*s. Let y(z) = 2. Let n(q) = -i(q) - y(q). Determine n(3).
-5
Suppose 0 - 4 = 4*b. Let f(k) = k**2 + k - 1. Let j(u) = -4*u**2 - 6*u - 3. Let g(a) = b*j(a) - 3*f(a). Suppose 0 = 7*z + 21 + 7. Give g(z).
10
Let b = 40 + -34. Suppose 7 = -7*k + b*k. Let d(w) = w + 2. What is d(k)?
-5
Let n = -78 - -89. Suppose g = 2*z - 5 + 3, 5*z = 4*g + n. Let c(i) = 15*i**2. What is c(z)?
15
Let r(y) = y**3 + 6*y**2 + 7. Let z be (-2)/(-10) + 27/15. Suppose -4 = n + z. Determine r(n).
7
Let v be (-2)/((35/(-10))/(-7)) + 9. Let w(b) be the third derivative of 0*b + 0 + 1/3*b**3 - 1/12*b**4 + v*b**2. What is w(-5)?
12
Let n(l) be the third derivative of -l**6/120 + l**5/10 - 7*l**4/24 + 5*l**3/6 - 2*l**2. Let t = -127 - -85. Let w = -38 - t. What is n(w)?
9
Let w(g) = -g**3 + 7*g**2 + 8*g - 6. Let q be w(8). Let v(z) = -z**2 - 8*z - 2. Calculate v(q).
10
Let t(h) = 2*h - 19 + 18 - h. Let q = -326 - -335. Determine t(q).
8
Let f(a) = a**3 + a + 5. Let v be f(0). Let u = 5 - v. Let c(n) = u*n**2 - n + 0*n + 1 - n**3 - 2*n**2. What is c(-2)?
3
Let f be 25/(225/54)*(-6)/(-9). Let b(g) = 3*g**2 - 5*g - 2. Give b(f).
26
Let z(x) = -7*x**3 - 8*x**2 - 7*x - 2. Let n(u) = -5*u**3 - 8*u**2 - 8*u - 1. Let v(q) = -3*n(q) + 2*z(q). Calculate v(-6).
11
Let u(q) be the first derivative of -q**6/60 + 8*q**3/3 - 2. Let y(b) be the third derivative of u(b). Determine y(-1).
-6
Let w be (-5)/(-1)*(1 + -2). Let f(u) = u**2 + u. Let v(q) = 6*q**2 + 9*q + 2. Let y(g) = 5*f(g) - v(g). Calculate y(w).
-7
Let u(p) = 4*p - 3. Let o = 74 + -79. Calculate u(o).
-23
Let n be (-28)/(-4) - 1 - -1. Suppose -n = -3*u + 5*c, -5*c + c + 4 = 0. Let w(d) = -d**2 + 4. What is w(u)?
-12
Let n(k) be the second derivative of 29*k**4/12 - k**3/6 - k**2/2 + 202*k - 2. Give n(-1).
29
Let a(p) = -p + 38. Let k = -1361 + 1361. Give a(k).
38
Suppose 55*w = -297 - 33. Let a(o) = 3*o + 13. Determine a(w).
-5
Let g(y) = -26*y**2 - 22*y - 13. Let v(j) = -16*j**2 - 13*j - 7. Let l(u) = -3*g(u) + 5*v(u). Let r(n) = n**3 + 4*n**2 - 2*n - 4. Let a be r(-4). What is l(a)?
-24
Let d be 7/(-2)*60/(-42). Let u = d - 1. Suppose u*l - 3*a = 8, -4*a + 16 = 3*l - 15. Let r(s) = 3*s - 4. Determine r(l).
11
Suppose -4*u - 10 = -2*j - 0*u, 8 = 4*j + 4*u. Let p = -2 - -5. Let g(a) = 4*a**3 - 6*a**3 + 4*a**2 - j*a + a**p + 1. What is g(2)?
3
Let z(f) = f**2 - 5*f - 11. Let g be z(7). Let t(l) = -10*l - 3*l**2 - l**2 + g*l**2. Determine t(-6).
24
Suppose -6*k + 5*k = -3. Let r = k - 6. Let c(o) = o**3 - 3*o - 2. Determine c(r).
-20
Suppose -78 = 6*d + 20*d. Let u(x) be the third derivative of x**6/120 + x**5/20 - x**4/8 - x**3/3 - 3*x**2. Determine u(d).
7
Let l(s) be the first derivative of -s**3/3 - 5*s**2 - 15*s - 50. Let q be l(-8). Let m(g) = 3*g**3 - g**2 - g + 1. Calculate m(q).
2
Let s(o) = 2*o - 4. Suppose 2*j = -5*f + 5, -5 = -3*j - f - 4. Calculate s(j).
-4
Let p(k) be the third derivative of -k**6/720 + k**5/120 + k**4/4 + 13*k**2. Let u(v) be the second derivative of p(v). Calculate u(-2).
3
Let x(k) = -6*k - 3. Let l be (-2)/(-3) + 562/(-6). Let r be (l/(-9) + -4)*3. Let g = r + -21. Calculate x(g).
9
Let b(a) be the third derivative of a**5/60 + a**4/4 - 2*a**3/3 - 8*a**2 - 2. What is b(-4)?
-12
Let j(o) = o**3 - 7*o**2 - 9*o - 3. Suppose 181 = 4*q + 149. Give j(q).
-11
Let x = 667 - 664. Let p(q) = -q**2 + 3*q + 3. Calculate p(x).
3
Let w be (912/(-30))/8 - 2/10. Let r(i) = 2*i + 1. What is r(w)?
-7
Let t(c) = -9*c**2 + 7*c + 2. Let g be (1/3)/(2/(-30)). Let s(b) = 13*b**2 - 11*b - 3. Let w(v) = g*s(v) - 8*t(v). Let l be (-3)/9 + (-2)/3. Give w(l).
7
Let k = 6 + -9. Let n be ((-2)/3)/(1/k). Let d(i) = -5*i**2 - i**2 + 5*i**2 + 1. Give d(n).
-3
Let y(j) = j**3 + 4*j**2 + 4*j. Let x = -452 - -449. What is y(x)?
-3
Let i be 4/(-10) + ((-16)/(-20))/2. Let v(z) be the third derivative of i + 0*z + 0*z**4 - 1/12*z**5 - 3*z**2 + 5/6*z**3 - 1/120*z**6. Determine v(-5).
5
Let s(x) = -x**2 + x + 1. Let y be s(1). Let o be 87/18 - 3/(-18). Let d(n) = -n**3 - 3*n + n - 4*n + o*n. Give d(y).
-2
Let b(k) be the first derivative of 3*k**2/2 + 3*k + 197. Give b(5).
18
Let c(x) = -26*x - 314. Let i be c(-12). Let p(r) = 3*r**2 + 9*r + 5. Calculate p(i).
-1
Let g(i) be the third derivative of i**5/30 - 5*i**4/24 + 5*i**3/6 - 528*i**2. Let d = 4 + 0. Calculate g(d).
17
Let z(d) be the first derivative of d**4/4 - 7*d**3/3 + d**2/2 - 9*d + 147. What is z(7)?
-2
Let q(b) = -b**2 + 3*b**2 + 7*b + 1 + 6*b**2 - 9*b**2. Let j(t) = t**2 + 7*t + 4. Let o be j(-5). Let m = 11 + o. What is q(m)?
11
Suppose -4*l - 30 = v - 3*v, 3*v = l - 5. Let i(s) = s**3 + 10*s**2 - s - 8. Calculate i(l).
2
Let t(u) = -3*u + 2 - 10*u - 14*u + 0 + 29*u. Give t(0).
2
Let t(f) = 4*f - 2. Let a(h) = -h**3 + 9*h**2 + 11*h - 9. Let u be a(10). Suppose -u = -d + 1. Determine t(d).
6
Let y(x) = -4*x + 3. Let m(r) = 6 - 4 + 0 - 3*r. Suppose 3*q - 3 = 4*f, -2*f - 2*q = 2 + 10. Let z(h) = f*m(h) + 2*y(h). Calculate z(-2).
-2
Let m(l) = 3*l**2 - 18*l + 7. Let r(v) = -v**2 + 9*v - 1. Let g(n) = 2*m(n) + 5*r(n). Calculate g(-8).
1
Let m(y) = -y - 2. Let x(n) = -5*n - 5. Let a(f) = 3*m(f) - x(f). Suppose 0 = 2*l - 5*l - 54. Let p be l/10 + 12/15. Give a(p).
-3
Let g(s) be the second derivative of -s + 9/2*s**2 + 5/3*s**3 + 30 - 1/12*s**4. Determine g(11).
-2
Let p = -77 + 77. Suppose 2*w + 19 = 5*h + 4*w, p = -4*h - 3*w + 18. Let u(b) = b**2 - 2*b - 1. Determine u(h).
2
Let l(b) = -1056 - b + 1058 - b. Give l(-7).
16
Let s(t) be the second derivative of -t**4/12 - 13*t**3/6 - 6*t**2 + 488*t. Give s(-13).
-12
Let u(v) = 4*v - 13. Let d(x) = 34*x - 130. Let c be d(4). Calculate u(c).
11
Let l(b) = -5 + 6*b**2 + 7*b**2 + 5*b**2 - 17*b**2 + 3*b. Give l(-6).
13
Let u(y) = -2*y**3 + 3*y. Let f(o) = o**2 - o - 10. Let l be f(-3). Calculate u(l).
-10
Let t(s) be the second derivative of s**3/3 + 11*s**2/2 + 2*s + 34. Give t(-14).
-17
Let i(l) be the second derivative of -5*l**3/3 + 17*l**2 - 5*l - 14. What is i(4)?
-6
Let c(w) be the first derivative of w**3/6 + w**2 + 5*w - 2. Let b(u) be the first derivative of c(u). Let s = -81 - -75. What is b(s)?
-4
Let t(a) = a**3 + 6*a**2 + 6*a - 3. Let p be (2/4)/(22/(-220)). Determine t(p).
-8
Let m(n) = 15*n - 1. Let h(b) = -b**2 - 19*b - 58. Let f be h(-4). Give m(f).
29
Let y(m) = -m**2 + m. Suppose 1 = 4*b + 5. Let l be 2 - b - -3 - -4. Suppose 2*o - l = 2*p, -4*o - o - 5 = p. Calculate y(o).
0
Let z be 1/1 + (-2 - -1). Suppose 0*x + 25 = 5*x. Let w = x - z. Let r(p) = 3*p - 4. Determine r(w).
11
Let x = -238 - -159. Let w = -71 - x. Let c(t) = -5*t + 10. What is c(w)?
-30
Let y = 2 + -5. Let m = y + 1. Let r(j) = 6*j**3 + 2*j**2 + 3*j + 2. Let t(k) = 13*k**3 + 4*k**2 + 6*k + 4. Let q(i) = -9*r(i) + 4*t(i). What is q(m)?
12
Let j(p) = p - 1. Let g(h) = -7*h + 5. Let d(s) = -g(s) - 6*j(s). Suppose -161*a + 24 = -167*a. Determine d(a).
-3
Let d = 0 - 2. Let n(x) be the first derivative of x**4/6 + x**3/3 + 3*x**2/2 + 13*x + 9. Let b(u) be the first derivative of n(u). Calculate b(d).
7
Let h(o) = -3 + 4*o**3 - 5*o**2 - o**3 + 3*o - 2*o**3. Suppose -407 + 262 = -29*m. Determine h(m).
12
Let f(b) = 9*b - 7. Let j(z) = 16*z - 14. Let y(n) = -7*f(n) + 4*j(n). Give y(9).
2
Let w = -75 + 78. Let n(j) = -j**3 + 3*j + 2. What is n(w)?
-16
Let k = -570 + 572. Let n(m) = -2*m + 4. What is n(k)?
0
Let q(d) = d**2 + 8*d - 11. Let h = -37 - -28. Determine q(h).
-2
Let x(w) = 623*w - w**3 - 8*w**2 + 618*w - 1250*w - 13. Give x(-7).
1
Let k(y) = -y + 1. Let z = 5 - 25. Suppose -2*m + 37 = -3*a, -2*a = -a - 4*m - 1. Let h = z - a. Determine k(h).
6
Let x = -217 - -236. Let b(g) = 4*g**3 - g + 1. Let v be b(1). Let o(j) = -4 + 1 - j**2 + 10*j - x*j + v*j. Give o(-4).
1
Let q(h) = -2*h + 6. Suppose -189 + 156 = -11*r. What is q(r)?
0
Let j(k) = -23 - 82 + k + k + 10